{"id":11,"date":"2017-03-06T11:18:11","date_gmt":"2017-03-06T11:18:11","guid":{"rendered":"http:\/\/demos.artbees.net\/jupiter5\/apemius\/?page_id=11"},"modified":"2022-10-19T14:14:02","modified_gmt":"2022-10-19T14:14:02","slug":"explore","status":"publish","type":"page","link":"https:\/\/institutopilar.org.br\/site\/?page_id=11","title":{"rendered":"Servi\u00e7os e Projetos"},"content":{"rendered":"[vc_row fullwidth=&#8221;true&#8221; equal_columns=&#8221;true&#8221; attached=&#8221;true&#8221;][vc_column width=&#8221;1\/2&#8243;][mk_custom_box padding_vertical=&#8221;0&#8243; padding_horizental=&#8221;0&#8243; margin_bottom=&#8221;0&#8243; min_height=&#8221;700&#8243; bg_image=&#8221;http:\/\/institutopilar.org.br\/site\/wp-content\/uploads\/2021\/04\/explore-head.jpg&#8221; background_hov_color_style=&#8221;image&#8221; bg_image_hov_effect=&#8221;grayscale&#8221; bg_stretch=&#8221;true&#8221;][\/mk_custom_box][\/vc_column][vc_column width=&#8221;1\/2&#8243;][mk_custom_box padding_vertical=&#8221;0&#8243; padding_horizental=&#8221;80&#8243; margin_bottom=&#8221;0&#8243; min_height=&#8221;700&#8243; bg_color=&#8221;#c2827a&#8221; background_hov_color_style=&#8221;image&#8221; bg_image_hov_effect=&#8221;grayscale&#8221; bg_stretch=&#8221;true&#8221;][mk_padding_divider size=&#8221;80&#8243;][mk_fancy_title tag_name=&#8221;h5&#8243; color=&#8221;#ffffff&#8221; size=&#8221;16&#8243; font_weight=&#8221;bold&#8221; txt_transform=&#8221;uppercase&#8221; letter_spacing=&#8221;1&#8243; font_family=&#8221;Lato&#8221; font_type=&#8221;google&#8221;]SERVI\u00c7OS E PROJETOS[\/mk_fancy_title][mk_fancy_title tag_name=&#8221;h1&#8243; color=&#8221;#ffffff&#8221; size=&#8221;42&#8243; force_font_size=&#8221;true&#8221; size_tablet=&#8221;30&#8243; size_phone=&#8221;25&#8243; font_weight=&#8221;bold&#8221; txt_transform=&#8221;none&#8221; letter_spacing=&#8221;2&#8243; font_family=&#8221;none&#8221;]Conhe\u00e7a nossas a\u00e7\u00f5es, servi\u00e7os e projetos.[\/mk_fancy_title][vc_column_text disable_pattern=&#8221;false&#8221; margin_bottom=&#8221;20&#8243; css=&#8221;.vc_custom_1617916815838{margin-bottom: 20px !important;}&#8221;]\n<p style=\"text-align: justify;\"><span style=\"color: #ffffff;\">O Instituto Pilar \u00e9 uma organiza\u00e7\u00e3o sem fins lucrativos que atua em prol da transforma\u00e7\u00e3o social, com desenvolvimento e execu\u00e7\u00e3o de projetos voltados \u00e0 Garantia dos Direitos Humanos e a supera\u00e7\u00e3o das mais diversas formas de viol\u00eancia. Buscamos a consolida\u00e7\u00e3o restaurativa de cultura de paz em sua identidade e desenvolver m\u00e9todos capazes de articular sujeitos e processos pol\u00edticos, na busca por equidade.<\/span><\/p>\n<p style=\"text-align: justify;\"><span style=\"color: #ffffff;\">Possui uma equipe de trabalho composta por pessoas comprometidas com as lutas sociais, com os direitos humanos e com os m\u00e9todos dial\u00f3gicos de cultura de paz e pr\u00e1ticas da justi\u00e7a restaurativa.<\/span><\/p>\n[\/vc_column_text][mk_padding_divider][\/mk_custom_box][\/vc_column][\/vc_row][vc_row][vc_column][mk_padding_divider size=&#8221;100&#8243;][\/vc_column][\/vc_row][vc_row][vc_column][mk_fancy_title tag_name=&#8221;h3&#8243; color=&#8221;#000000&#8243; size=&#8221;35&#8243; force_font_size=&#8221;true&#8221; size_phone=&#8221;30&#8243; txt_transform=&#8221;none&#8221; letter_spacing=&#8221;1&#8243; font_family=&#8221;none&#8221; align=&#8221;center&#8221; animation=&#8221;bottom-to-top&#8221;]Conhe\u00e7a nossos Servi\u00e7os e Projetos[\/mk_fancy_title][vc_row_inner][vc_column_inner width=&#8221;1\/3&#8243;][mk_custom_box margin_bottom=&#8221;20&#8243; min_height=&#8221;200&#8243; bg_color=&#8221;#ed6950&#8243; background_hov_color_style=&#8221;image&#8221; bg_hov_color=&#8221;#ed745c&#8221; bg_stretch=&#8221;true&#8221;][mk_icon_box2 icon_type=&#8221;image&#8221; icon_size=&#8221;64&#8243; icon_image=&#8221;http:\/\/institutopilar.org.br\/site\/wp-content\/uploads\/2021\/04\/carg_02.png&#8221; title=&#8221;SEAS&#8221; title_size=&#8221;16&#8243; title_weight=&#8221;bold&#8221; title_color=&#8221;#ffffff&#8221; title_top_padding=&#8221;20&#8243; description_color=&#8221;#ffffff&#8221; read_more_url=&#8221;https:\/\/institutopilar.org.br\/site\/?page_id=219&#8243;]\n<p style=\"text-align: justify;\"><span style=\"color: #ffffff;\">O SEAS tem a finalidade de assegurar trabalho social de busca ativa e abordagem nas ruas, identificando nos territ\u00f3rios a incid\u00eancia de trabalho infantil, viol\u00eancia, abuso e explora\u00e7\u00e3o sexual de crian\u00e7as e adolescentes, pessoas em situa\u00e7\u00e3o de rua e outras.<\/span><\/p>\n[\/mk_icon_box2][vc_column_text align=&#8221;center&#8221;]<strong><span style=\"color: #ffffff;\">Learn More<\/span><\/strong>[\/vc_column_text][\/mk_custom_box][\/vc_column_inner][vc_column_inner width=&#8221;1\/3&#8243;][mk_custom_box margin_bottom=&#8221;20&#8243; min_height=&#8221;200&#8243; bg_color=&#8221;#9886ec&#8221; background_hov_color_style=&#8221;image&#8221; bg_hov_color=&#8221;#a190ed&#8221; bg_stretch=&#8221;true&#8221;][mk_icon_box2 icon_type=&#8221;image&#8221; icon_size=&#8221;64&#8243; icon_image=&#8221;http:\/\/institutopilar.org.br\/site\/wp-content\/uploads\/2021\/04\/carg_02.png&#8221; title=&#8221;FAM\u00cdLIA ACOLHEDORA&#8221; title_size=&#8221;16&#8243; title_weight=&#8221;bold&#8221; title_color=&#8221;#ffffff&#8221; title_top_padding=&#8221;20&#8243; description_color=&#8221;#ffffff&#8221;]\n<p style=\"text-align: justify;\"><span style=\"color: #ffffff;\">Organiza o acolhimento, em resid\u00eancias de fam\u00edlias acolhedoras cadastradas, de crian\u00e7as e adolescentes afastados do conv\u00edvio familiar por meio de medida protetiva&#8230;<\/span><\/p>\n[\/mk_icon_box2][vc_column_text align=&#8221;center&#8221;]<strong><span style=\"color: #ffffff;\">Learn More<\/span><\/strong>[\/vc_column_text][\/mk_custom_box][\/vc_column_inner][vc_column_inner width=&#8221;1\/3&#8243;][mk_custom_box padding_horizental=&#8221;30&#8243; margin_bottom=&#8221;0&#8243; min_height=&#8221;200&#8243; bg_color=&#8221;#ffbb44&#8243; background_hov_color_style=&#8221;image&#8221; bg_hov_color=&#8221;#ffc054&#8243; bg_stretch=&#8221;true&#8221;][mk_padding_divider size=&#8221;20&#8243;][mk_icon_box2 icon_type=&#8221;image&#8221; icon_size=&#8221;64&#8243; icon_image=&#8221;http:\/\/institutopilar.org.br\/site\/wp-content\/uploads\/2021\/04\/icon_home_01.png&#8221; title=&#8221;N\u00daCLEO DE CONVIV\u00caNCIA DE IDOSOS&#8221; title_size=&#8221;16&#8243; title_weight=&#8221;bold&#8221; title_color=&#8221;#ffffff&#8221; title_top_padding=&#8221;20&#8243; description_color=&#8221;#ffffff&#8221; read_more_url=&#8221;Read More&#8221;]\n<p style=\"text-align: justify;\"><span style=\"color: #ffffff;\">Servi\u00e7o de prote\u00e7\u00e3o social, conviv\u00eancia e fortalecimento de v\u00ednculos aos idosos com idade igual ou superior a 60 anos, em situa\u00e7\u00e3o de vulnerabilidade e risco pessoal e social.<\/span><\/p>\n[\/mk_icon_box2][vc_column_text align=&#8221;center&#8221;]<strong><span style=\"color: #ffffff;\">Learn More<\/span><\/strong>[\/vc_column_text][\/mk_custom_box][\/vc_column_inner][\/vc_row_inner][mk_padding_divider size=&#8221;10&#8243;][vc_row_inner][vc_column_inner width=&#8221;1\/3&#8243;][mk_custom_box margin_bottom=&#8221;20&#8243; min_height=&#8221;200&#8243; bg_color=&#8221;#c2a07b&#8221; background_hov_color_style=&#8221;image&#8221; bg_hov_color=&#8221;#c1a989&#8243; bg_stretch=&#8221;true&#8221;][mk_icon_box2 icon_type=&#8221;image&#8221; icon_size=&#8221;64&#8243; icon_image=&#8221;http:\/\/institutopilar.org.br\/site\/wp-content\/uploads\/2021\/04\/icon_home_01.png&#8221; title=&#8221;CENTRO PARA JUVENTUDE&#8221; title_size=&#8221;16&#8243; title_weight=&#8221;bold&#8221; title_color=&#8221;#ffffff&#8221; title_top_padding=&#8221;20&#8243; description_color=&#8221;#ffffff&#8221; read_more_url=&#8221;Read More&#8221;]<span style=\"color: #ffffff;\">Desenvolvimento de atividades com adolescentes de 15 a 17 anos e onze meses, tendo por foco a constitui\u00e7\u00e3o de espa\u00e7o de conviv\u00eancia, a partir dos interesses, demandas e potencialidades dessa faixa et\u00e1ria.<\/span>[\/mk_icon_box2][vc_column_text align=&#8221;center&#8221;]<strong><span style=\"color: #ffffff;\">Learn More<\/span><\/strong>[\/vc_column_text][\/mk_custom_box][\/vc_column_inner][vc_column_inner width=&#8221;1\/3&#8243;][mk_custom_box margin_bottom=&#8221;20&#8243; min_height=&#8221;200&#8243; bg_color=&#8221;#c2827a&#8221; background_hov_color_style=&#8221;image&#8221; bg_hov_color=&#8221;#c19087&#8243; bg_stretch=&#8221;true&#8221;][mk_padding_divider size=&#8221;20&#8243;][mk_icon_box2 icon_type=&#8221;image&#8221; icon_size=&#8221;64&#8243; icon_image=&#8221;http:\/\/institutopilar.org.br\/site\/wp-content\/uploads\/2021\/04\/icon_home_01.png&#8221; title=&#8221;NPJ&#8221; title_size=&#8221;16&#8243; title_weight=&#8221;bold&#8221; title_color=&#8221;#ffffff&#8221; title_top_padding=&#8221;20&#8243; description_color=&#8221;#ffffff&#8221; read_more_url=&#8221;Read More&#8221;]\n<p style=\"text-align: justify;\"><span style=\"color: #ffffff;\">Tem a finalidade de assegurar atendimento especializado para apoio, orienta\u00e7\u00e3o e acompanhamento a fam\u00edlias com um ou mais de seus membros em situa\u00e7\u00e3o de amea\u00e7a ou viola\u00e7\u00e3o de direitos. <\/span><\/p>\n[\/mk_icon_box2][vc_column_text align=&#8221;center&#8221;]<strong><span style=\"color: #ffffff;\">Learn More<\/span><\/strong>[\/vc_column_text][\/mk_custom_box][\/vc_column_inner][vc_column_inner width=&#8221;1\/3&#8243;][\/vc_column_inner][\/vc_row_inner][\/vc_column][\/vc_row]\n","protected":false},"excerpt":{"rendered":"<p>[vc_row fullwidth=&#8221;true&#8221; equal_columns=&#8221;true&#8221; attached=&#8221;true&#8221;][vc_column width=&#8221;1\/2&#8243;][mk_custom_box padding_vertical=&#8221;0&#8243; padding_horizental=&#8221;0&#8243; margin_bottom=&#8221;0&#8243; min_height=&#8221;700&#8243; bg_image=&#8221;http:\/\/institutopilar.org.br\/site\/wp-content\/uploads\/2021\/04\/explore-head.jpg&#8221; background_hov_color_style=&#8221;image&#8221; bg_image_hov_effect=&#8221;grayscale&#8221; bg_stretch=&#8221;true&#8221;][\/mk_custom_box][\/vc_column][vc_column width=&#8221;1\/2&#8243;][mk_custom_box padding_vertical=&#8221;0&#8243; padding_horizental=&#8221;80&#8243; margin_bottom=&#8221;0&#8243; min_height=&#8221;700&#8243; bg_color=&#8221;#c2827a&#8221; background_hov_color_style=&#8221;image&#8221; bg_image_hov_effect=&#8221;grayscale&#8221; bg_stretch=&#8221;true&#8221;][mk_padding_divider size=&#8221;80&#8243;][mk_fancy_title tag_name=&#8221;h5&#8243; color=&#8221;#ffffff&#8221; size=&#8221;16&#8243; font_weight=&#8221;bold&#8221; txt_transform=&#8221;uppercase&#8221; letter_spacing=&#8221;1&#8243; font_family=&#8221;Lato&#8221; font_type=&#8221;google&#8221;]SERVI\u00c7OS E PROJETOS[\/mk_fancy_title][mk_fancy_title tag_name=&#8221;h1&#8243; color=&#8221;#ffffff&#8221; size=&#8221;42&#8243; force_font_size=&#8221;true&#8221; size_tablet=&#8221;30&#8243; size_phone=&#8221;25&#8243; font_weight=&#8221;bold&#8221; txt_transform=&#8221;none&#8221; letter_spacing=&#8221;2&#8243; font_family=&#8221;none&#8221;]Conhe\u00e7a nossas a\u00e7\u00f5es, servi\u00e7os e projetos.[\/mk_fancy_title][vc_column_text disable_pattern=&#8221;false&#8221; margin_bottom=&#8221;20&#8243; css=&#8221;.vc_custom_1617916815838{margin-bottom: 20px !important;}&#8221;] O Instituto [&hellip;]<\/p>\n","protected":false},"author":2,"featured_media":0,"parent":0,"menu_order":0,"comment_status":"closed","ping_status":"closed","template":"","meta":{"footnotes":""},"class_list":["post-11","page","type-page","status-publish","hentry"],"_links":{"self":[{"href":"https:\/\/institutopilar.org.br\/site\/index.php?rest_route=\/wp\/v2\/pages\/11","targetHints":{"allow":["GET"]}}],"collection":[{"href":"https:\/\/institutopilar.org.br\/site\/index.php?rest_route=\/wp\/v2\/pages"}],"about":[{"href":"https:\/\/institutopilar.org.br\/site\/index.php?rest_route=\/wp\/v2\/types\/page"}],"author":[{"embeddable":true,"href":"https:\/\/institutopilar.org.br\/site\/index.php?rest_route=\/wp\/v2\/users\/2"}],"replies":[{"embeddable":true,"href":"https:\/\/institutopilar.org.br\/site\/index.php?rest_route=%2Fwp%2Fv2%2Fcomments&post=11"}],"version-history":[{"count":17,"href":"https:\/\/institutopilar.org.br\/site\/index.php?rest_route=\/wp\/v2\/pages\/11\/revisions"}],"predecessor-version":[{"id":549,"href":"https:\/\/institutopilar.org.br\/site\/index.php?rest_route=\/wp\/v2\/pages\/11\/revisions\/549"}],"wp:attachment":[{"href":"https:\/\/institutopilar.org.br\/site\/index.php?rest_route=%2Fwp%2Fv2%2Fmedia&parent=11"}],"curies":[{"name":"wp","href":"https:\/\/api.w.org\/{rel}","templated":true}]}}