{"id":215,"date":"2021-04-06T15:44:09","date_gmt":"2021-04-06T15:44:09","guid":{"rendered":"https:\/\/institutopilar.org.br\/site\/?page_id=215"},"modified":"2021-04-06T15:44:11","modified_gmt":"2021-04-06T15:44:11","slug":"instituto-pilar","status":"publish","type":"page","link":"https:\/\/institutopilar.org.br\/site\/?page_id=215","title":{"rendered":"Instituto Pilar"},"content":{"rendered":"\n<p>O Instituto Pilar \u00e9 uma organiza\u00e7\u00e3o sem fins lucrativos que atua em prol da <strong>transforma\u00e7\u00e3o social<\/strong>, com desenvolvimento e execu\u00e7\u00e3o de projetos voltados \u00e0 Garantia dos Direitos Humanos e a <strong>supera\u00e7\u00e3o das mais diversas formas de viol\u00eancia.<\/strong> Buscamos a consolida\u00e7\u00e3o restaurativa de <strong>cultura de paz<\/strong> em sua identidade e desenvolver m\u00e9todos capazes de articular sujeitos e processos pol\u00edticos, na busca por <strong>equidade<\/strong>.<\/p>\n\n\n\n<p>Possui uma equipe de trabalho composta por pessoas comprometidas com as lutas sociais, com os direitos humanos e com os <strong>m\u00e9todos dial\u00f3gicos<\/strong> de <strong>cultura de paz<\/strong> e pr\u00e1ticas da justi\u00e7a restaurativa.<\/p>\n","protected":false},"excerpt":{"rendered":"<p>O Instituto Pilar \u00e9 uma organiza\u00e7\u00e3o sem fins lucrativos que atua em prol da transforma\u00e7\u00e3o social, com desenvolvimento e execu\u00e7\u00e3o de projetos voltados \u00e0 Garantia dos Direitos Humanos e a supera\u00e7\u00e3o das mais diversas formas de viol\u00eancia. Buscamos a consolida\u00e7\u00e3o restaurativa de cultura de paz em sua identidade e desenvolver m\u00e9todos capazes de articular sujeitos [&hellip;]<\/p>\n","protected":false},"author":1,"featured_media":0,"parent":0,"menu_order":0,"comment_status":"closed","ping_status":"closed","template":"","meta":{"footnotes":""},"class_list":["post-215","page","type-page","status-publish","hentry"],"_links":{"self":[{"href":"https:\/\/institutopilar.org.br\/site\/index.php?rest_route=\/wp\/v2\/pages\/215","targetHints":{"allow":["GET"]}}],"collection":[{"href":"https:\/\/institutopilar.org.br\/site\/index.php?rest_route=\/wp\/v2\/pages"}],"about":[{"href":"https:\/\/institutopilar.org.br\/site\/index.php?rest_route=\/wp\/v2\/types\/page"}],"author":[{"embeddable":true,"href":"https:\/\/institutopilar.org.br\/site\/index.php?rest_route=\/wp\/v2\/users\/1"}],"replies":[{"embeddable":true,"href":"https:\/\/institutopilar.org.br\/site\/index.php?rest_route=%2Fwp%2Fv2%2Fcomments&post=215"}],"version-history":[{"count":1,"href":"https:\/\/institutopilar.org.br\/site\/index.php?rest_route=\/wp\/v2\/pages\/215\/revisions"}],"predecessor-version":[{"id":216,"href":"https:\/\/institutopilar.org.br\/site\/index.php?rest_route=\/wp\/v2\/pages\/215\/revisions\/216"}],"wp:attachment":[{"href":"https:\/\/institutopilar.org.br\/site\/index.php?rest_route=%2Fwp%2Fv2%2Fmedia&parent=215"}],"curies":[{"name":"wp","href":"https:\/\/api.w.org\/{rel}","templated":true}]}}

<p>O Instituto Pilar é uma organização sem fins lucrativos que atua em prol da <strong>transformação social</strong>, com desenvolvimento e execução de projetos voltados à Garantia dos Direitos Humanos e a <strong>superação das mais diversas formas de violência.</strong> Buscamos a consolidação restaurativa de <strong>cultura de paz</strong> em sua identidade e desenvolver métodos capazes de articular sujeitos e processos políticos, na busca por <strong>equidade</strong>.</p>



<p>Possui uma equipe de trabalho composta por pessoas comprometidas com as lutas sociais, com os direitos humanos e com os <strong>métodos dialógicos</strong> de <strong>cultura de paz</strong> e práticas da justiça restaurativa.</p>

<p>O Instituto Pilar é uma organização sem fins lucrativos que atua em prol da transformação social, com desenvolvimento e execução de projetos voltados à Garantia dos Direitos Humanos e a superação das mais diversas formas de violência. Buscamos a consolidação restaurativa de cultura de paz em sua identidade e desenvolver métodos capazes de articular sujeitos [&hellip;]</p>
