{"id":217,"date":"2021-04-06T15:49:12","date_gmt":"2021-04-06T15:49:12","guid":{"rendered":"https:\/\/institutopilar.org.br\/site\/?page_id=217"},"modified":"2021-04-07T19:29:27","modified_gmt":"2021-04-07T19:29:27","slug":"missao","status":"publish","type":"page","link":"https:\/\/institutopilar.org.br\/site\/?page_id=217","title":{"rendered":"Miss\u00e3o"},"content":{"rendered":"[vc_row][vc_column][mk_padding_divider][mk_fancy_title font_family=&#8221;none&#8221;]\r\n<h2><strong>Miss\u00e3o<\/strong><\/h2>\r\n[\/mk_fancy_title][vc_column_text css=&#8221;.vc_custom_1617823632245{margin-bottom: 0px !important;}&#8221;]\r\n<p>Atuar em prol da transforma\u00e7\u00e3o social, desenvolvendo e executando programas, projetos e servi\u00e7os voltados \u00e0 garantia dos direitos humanos e a supera\u00e7\u00e3o das mais diversas formas de viol\u00eancia.<\/p>\r\n[\/vc_column_text][mk_padding_divider][mk_fancy_title font_family=&#8221;none&#8221;]\r\n<h2><strong>Vis\u00e3o<\/strong><\/h2>\r\n[\/mk_fancy_title][vc_column_text css=&#8221;.vc_custom_1617823645501{margin-bottom: 0px !important;}&#8221;]\r\n<p style=\"text-align: justify;\">Pretende ser consolidada como uma Institui\u00e7\u00e3o Restaurativa em sua identidade e desenvolver metodologias de pr\u00e1ticas transformativas, capazes de superar os paradigmas normativos que naturalizam a puni\u00e7\u00e3o como resposta as situa\u00e7\u00f5es de viol\u00eancias.<\/p>\r\n[\/vc_column_text][mk_padding_divider][mk_fancy_title font_family=&#8221;none&#8221;]\r\n<h2><strong>Valores<\/strong><\/h2>\r\n[\/mk_fancy_title][vc_column_text css=&#8221;.vc_custom_1617823614877{margin-bottom: 0px !important;}&#8221;]\r\n<p>Supera\u00e7\u00e3o das viol\u00eancias;<\/p>\r\n\r\n<p>Protagonismo;<\/p>\r\n\r\n<p>Empoderamento;<\/p>\r\n\r\n<p>Equidade;<\/p>\r\n\r\n<p>Cultura de paz;<\/p>\r\n\r\n<p>M\u00e9todos dial\u00f3gicas.<\/p>\r\n\r\n<p>Transforma\u00e7\u00e3o Social;<\/p>\r\n[\/vc_column_text][\/vc_column][\/vc_row]","protected":false},"excerpt":{"rendered":"<p>[vc_row][vc_column][mk_padding_divider][mk_fancy_title font_family=&#8221;none&#8221;] Miss\u00e3o [\/mk_fancy_title][vc_column_text css=&#8221;.vc_custom_1617823632245{margin-bottom: 0px !important;}&#8221;] Atuar em prol da transforma\u00e7\u00e3o social, desenvolvendo e executando programas, projetos e servi\u00e7os voltados \u00e0 garantia dos direitos humanos e a supera\u00e7\u00e3o das mais diversas formas de viol\u00eancia. [\/vc_column_text][mk_padding_divider][mk_fancy_title font_family=&#8221;none&#8221;] Vis\u00e3o [\/mk_fancy_title][vc_column_text css=&#8221;.vc_custom_1617823645501{margin-bottom: 0px !important;}&#8221;] Pretende ser consolidada como uma Institui\u00e7\u00e3o Restaurativa em sua identidade e desenvolver metodologias [&hellip;]<\/p>\n","protected":false},"author":1,"featured_media":0,"parent":215,"menu_order":2,"comment_status":"closed","ping_status":"closed","template":"","meta":{"footnotes":""},"class_list":["post-217","page","type-page","status-publish","hentry"],"_links":{"self":[{"href":"https:\/\/institutopilar.org.br\/site\/index.php?rest_route=\/wp\/v2\/pages\/217","targetHints":{"allow":["GET"]}}],"collection":[{"href":"https:\/\/institutopilar.org.br\/site\/index.php?rest_route=\/wp\/v2\/pages"}],"about":[{"href":"https:\/\/institutopilar.org.br\/site\/index.php?rest_route=\/wp\/v2\/types\/page"}],"author":[{"embeddable":true,"href":"https:\/\/institutopilar.org.br\/site\/index.php?rest_route=\/wp\/v2\/users\/1"}],"replies":[{"embeddable":true,"href":"https:\/\/institutopilar.org.br\/site\/index.php?rest_route=%2Fwp%2Fv2%2Fcomments&post=217"}],"version-history":[{"count":3,"href":"https:\/\/institutopilar.org.br\/site\/index.php?rest_route=\/wp\/v2\/pages\/217\/revisions"}],"predecessor-version":[{"id":480,"href":"https:\/\/institutopilar.org.br\/site\/index.php?rest_route=\/wp\/v2\/pages\/217\/revisions\/480"}],"up":[{"embeddable":true,"href":"https:\/\/institutopilar.org.br\/site\/index.php?rest_route=\/wp\/v2\/pages\/215"}],"wp:attachment":[{"href":"https:\/\/institutopilar.org.br\/site\/index.php?rest_route=%2Fwp%2Fv2%2Fmedia&parent=217"}],"curies":[{"name":"wp","href":"https:\/\/api.w.org\/{rel}","templated":true}]}}

Missão

[vc_row][vc_column][mk_padding_divider][mk_fancy_title font_family=&#8221;none&#8221;]
<h2><strong>Missão</strong></h2>
[/mk_fancy_title][vc_column_text css=&#8221;.vc_custom_1617823632245{margin-bottom: 0px !important;}&#8221;]
<p>Atuar em prol da transformação social, desenvolvendo e executando programas, projetos e serviços voltados à garantia dos direitos humanos e a superação das mais diversas formas de violência.</p>
[/vc_column_text][mk_padding_divider][mk_fancy_title font_family=&#8221;none&#8221;]
<h2><strong>Visão</strong></h2>
[/mk_fancy_title][vc_column_text css=&#8221;.vc_custom_1617823645501{margin-bottom: 0px !important;}&#8221;]
<p style="text-align: justify;">Pretende ser consolidada como uma Instituição Restaurativa em sua identidade e desenvolver metodologias de práticas transformativas, capazes de superar os paradigmas normativos que naturalizam a punição como resposta as situações de violências.</p>
[/vc_column_text][mk_padding_divider][mk_fancy_title font_family=&#8221;none&#8221;]
<h2><strong>Valores</strong></h2>
[/mk_fancy_title][vc_column_text css=&#8221;.vc_custom_1617823614877{margin-bottom: 0px !important;}&#8221;]
<p>Superação das violências;</p>

<p>Protagonismo;</p>

<p>Empoderamento;</p>

<p>Equidade;</p>

<p>Cultura de paz;</p>

<p>Métodos dialógicas.</p>

<p>Transformação Social;</p>
[/vc_column_text][/vc_column][/vc_row]

<p>[vc_row][vc_column][mk_padding_divider][mk_fancy_title font_family=&#8221;none&#8221;] Missão [/mk_fancy_title][vc_column_text css=&#8221;.vc_custom_1617823632245{margin-bottom: 0px !important;}&#8221;] Atuar em prol da transformação social, desenvolvendo e executando programas, projetos e serviços voltados à garantia dos direitos humanos e a superação das mais diversas formas de violência. [/vc_column_text][mk_padding_divider][mk_fancy_title font_family=&#8221;none&#8221;] Visão [/mk_fancy_title][vc_column_text css=&#8221;.vc_custom_1617823645501{margin-bottom: 0px !important;}&#8221;] Pretende ser consolidada como uma Instituição Restaurativa em sua identidade e desenvolver metodologias [&hellip;]</p>
