{"id":266,"date":"2021-04-06T17:55:06","date_gmt":"2021-04-06T17:55:06","guid":{"rendered":"https:\/\/institutopilar.org.br\/site\/?page_id=266"},"modified":"2025-10-21T19:46:41","modified_gmt":"2025-10-21T19:46:41","slug":"certificados","status":"publish","type":"page","link":"https:\/\/institutopilar.org.br\/site\/?page_id=266","title":{"rendered":"Certificados"},"content":{"rendered":"[vc_row][vc_column][mk_fancy_title font_family=&#8221;none&#8221;]\r\n<h2><strong>Matriculas , credenciamento e regularidade<\/strong><\/h2>\r\n[\/mk_fancy_title][vc_column_text css=&#8221;.vc_custom_1761075917469{margin-bottom: 0px !important;}&#8221;]<!-- \/wp:post-content --><\/p>\r\n<p><!-- wp:paragraph --><strong>Prefeitura da Cidade de S\u00e3o Paulo<\/strong><\/p>\r\n<!-- \/wp:paragraph -->\r\n<p><!-- wp:paragraph -->Utilidade Publica Municipal nos termos do Decreto n\u00ba 53.760\/2013<\/p>\r\n<!-- \/wp:paragraph -->\r\n<p><!-- wp:paragraph --><strong>Secretaria de Justi\u00e7a e Defesa da Cidadania do Estado de S\u00e3o Paulo<\/strong><\/p>\r\n<!-- \/wp:paragraph -->\r\n<p><!-- wp:paragraph -->Entidade de Defesa de Direitos Humanos do Estado de S\u00e3o Paulo \u2013 CEDHESP \u2013 por Decreto Estadual n\u00ba 57.234\/2011<\/p>\r\n<!-- \/wp:paragraph -->\r\n<p><!-- wp:paragraph --><strong>Secretaria de Governo<\/strong><\/p>\r\n<!-- \/wp:paragraph -->\r\n<p><!-- wp:paragraph -->Certificado de Regularidade Cadastral de Entidades \u2013 CRCE N\u00ba 0381\/2013<\/p>\r\n<!-- \/wp:paragraph -->\r\n<p><!-- wp:paragraph --><strong>Secretaria Estadual de Desenvolvimento Social<\/strong><\/p>\r\n<!-- \/wp:paragraph -->\r\n<p><!-- wp:paragraph -->Pr\u00f3 Social \u2013 SEDS\/PS -7777\/2012<\/p>\r\n<!-- \/wp:paragraph -->\r\n<p><!-- wp:paragraph --><strong>Secretaria de Assist\u00eancia e Desenvolvimento Social<\/strong><\/p>\r\n<!-- \/wp:paragraph -->\r\n<p><!-- wp:paragraph -->Certificado de Matricula SMADS N\u00ba 26.227<\/p>\r\n<!-- \/wp:paragraph -->\r\n<p><!-- wp:paragraph --><strong>Conselho\u00a0 Municipal de Assist\u00eancia Social<\/strong><\/p>\r\n<!-- \/wp:paragraph -->\r\n<p><!-- wp:paragraph -->COMAS inscri\u00e7\u00e3o N\u00ba 57\/2011<\/p>\r\n<!-- \/wp:paragraph -->\r\n<p><!-- wp:paragraph --><strong>Secretaria Municipal de Direitos Humanos<\/strong><\/p>\r\n<!-- \/wp:paragraph -->\r\n<p><!-- wp:paragraph -->Conselho Municipal dos Direitos da Crian\u00e7a e do Adolescente \u2013 CMDCA N\u00ba 2133\/17<\/p>\r\n<!-- \/wp:paragraph -->\r\n<p><!-- wp:paragraph -->Secretaria Municipal de Educa\u00e7\u00e3o<\/p>\r\n<!-- \/wp:paragraph -->\r\n<p><!-- wp:paragraph -->Certificado de Credenciamento Municipal\u00a0 institu\u00eddo pela portaria n\u00ba21 de 19\/02\/2021<\/p>\r\n<!-- \/wp:paragraph -->\r\n<p><!-- wp:paragraph --><strong>Minist\u00e9rio do Desenvolvimento Social<\/strong><\/p>\r\n<!-- \/wp:paragraph -->\r\n<p><!-- wp:paragraph -->CEBAS N\u00ba 71000.028352\/2018-13<\/p>\r\n<!-- \/wp:paragraph -->\r\n<p><!-- wp:paragraph --><strong>CERTIFICADOS DE PARTICIPA\u00c7\u00c3O EM PREMIA\u00c7\u00d5ES<\/strong><\/p>\r\n<!-- \/wp:paragraph -->\r\n<p><!-- wp:paragraph -->C\u00e2mara Municipal de S\u00e3o Paulo \u2013 Premio Milton Santos \u2013 Projeto SCFV\u00a0 &#8211; ANO: 2013<\/p>\r\n<!-- \/wp:paragraph -->\r\n<p><!-- wp:paragraph -->C\u00e2mara Municipal de S\u00e3o Paulo \u2013 Premio Milton Santos \u2013 Projeto SAICA Pilar\u00a0 &#8211; ANO: 2015<\/p>\r\n<!-- \/wp:paragraph -->\r\n<p><!-- wp:paragraph -->C\u00e2mara Municipal de S\u00e3o Paulo \u2013 Premio Betinho \u2013 Projeto SAICA Pilar\u00a0 &#8211; ANO: 2015<\/p>\r\n<p style=\"text-align: justify;\"><!-- \/wp:paragraph -->\u00a0<br \/><strong>Instituto Pilar \u2013 Recebimento do Selo de Igualdade Racial &#8211; 2025<\/strong><\/p>\r\n<p>Neste ano, o Instituto Pilar decidiu participar do Selo de Igualdade Racial, em raz\u00e3o de contar com mais de 46% de colaboradores pretos e pardos, o que representa 253 profissionais em seu quadro funcional. Esse \u00edndice evidencia o compromisso institucional com a igualdade de oportunidades no ambiente de trabalho e com a promo\u00e7\u00e3o da equidade \u00e9tnico-racial.<\/p>\r\n<p>Para nossa alegria, no dia 9 de outubro de 2025, o Instituto recebeu oficialmente o Selo de Igualdade Racial, reconhecimento que muito nos honra e refor\u00e7a a import\u00e2ncia de contribuir de forma concreta para o avan\u00e7o das pol\u00edticas afirmativas no mundo do trabalho.<\/p>\r\n<p>O recebimento do selo est\u00e1 diretamente relacionado ao cumprimento dos objetivos de incentivar a ado\u00e7\u00e3o de pol\u00edticas afirmativas, ampliar a representatividade racial, promover a igualdade \u00e9tnico-racial e reparar desigualdades hist\u00f3ricas que afetam a popula\u00e7\u00e3o negra. Al\u00e9m disso, reafirma o compromisso institucional com a mitiga\u00e7\u00e3o e elimina\u00e7\u00e3o de pr\u00e1ticas discriminat\u00f3rias, promovendo uma igualdade material e efetiva de oportunidades dentro e fora do ambiente\u00a0organizacional.<\/p>\r\n[\/vc_column_text][\/vc_column][\/vc_row]","protected":false},"excerpt":{"rendered":"<p>[vc_row][vc_column][mk_fancy_title font_family=&#8221;none&#8221;] Matriculas , credenciamento e regularidade [\/mk_fancy_title][vc_column_text css=&#8221;.vc_custom_1761075917469{margin-bottom: 0px !important;}&#8221;] Prefeitura da Cidade de S\u00e3o Paulo Utilidade Publica Municipal nos termos do Decreto n\u00ba 53.760\/2013 Secretaria de Justi\u00e7a e Defesa da Cidadania do Estado de S\u00e3o Paulo Entidade de Defesa de Direitos Humanos do Estado de S\u00e3o Paulo \u2013 CEDHESP \u2013 por Decreto Estadual [&hellip;]<\/p>\n","protected":false},"author":1,"featured_media":0,"parent":215,"menu_order":4,"comment_status":"closed","ping_status":"closed","template":"","meta":{"footnotes":""},"class_list":["post-266","page","type-page","status-publish","hentry"],"_links":{"self":[{"href":"https:\/\/institutopilar.org.br\/site\/index.php?rest_route=\/wp\/v2\/pages\/266","targetHints":{"allow":["GET"]}}],"collection":[{"href":"https:\/\/institutopilar.org.br\/site\/index.php?rest_route=\/wp\/v2\/pages"}],"about":[{"href":"https:\/\/institutopilar.org.br\/site\/index.php?rest_route=\/wp\/v2\/types\/page"}],"author":[{"embeddable":true,"href":"https:\/\/institutopilar.org.br\/site\/index.php?rest_route=\/wp\/v2\/users\/1"}],"replies":[{"embeddable":true,"href":"https:\/\/institutopilar.org.br\/site\/index.php?rest_route=%2Fwp%2Fv2%2Fcomments&post=266"}],"version-history":[{"count":4,"href":"https:\/\/institutopilar.org.br\/site\/index.php?rest_route=\/wp\/v2\/pages\/266\/revisions"}],"predecessor-version":[{"id":481,"href":"https:\/\/institutopilar.org.br\/site\/index.php?rest_route=\/wp\/v2\/pages\/266\/revisions\/481"}],"up":[{"embeddable":true,"href":"https:\/\/institutopilar.org.br\/site\/index.php?rest_route=\/wp\/v2\/pages\/215"}],"wp:attachment":[{"href":"https:\/\/institutopilar.org.br\/site\/index.php?rest_route=%2Fwp%2Fv2%2Fmedia&parent=266"}],"curies":[{"name":"wp","href":"https:\/\/api.w.org\/{rel}","templated":true}]}}

[vc_row][vc_column][mk_fancy_title font_family=&#8221;none&#8221;]
<h2><strong>Matriculas , credenciamento e regularidade</strong></h2>
[/mk_fancy_title][vc_column_text css=&#8221;.vc_custom_1761075917469{margin-bottom: 0px !important;}&#8221;]<!-- /wp:post-content --></p>
<p><!-- wp:paragraph --><strong>Prefeitura da Cidade de São Paulo</strong></p>
<!-- /wp:paragraph -->
<p><!-- wp:paragraph -->Utilidade Publica Municipal nos termos do Decreto nº 53.760/2013</p>
<!-- /wp:paragraph -->
<p><!-- wp:paragraph --><strong>Secretaria de Justiça e Defesa da Cidadania do Estado de São Paulo</strong></p>
<!-- /wp:paragraph -->
<p><!-- wp:paragraph -->Entidade de Defesa de Direitos Humanos do Estado de São Paulo – CEDHESP – por Decreto Estadual nº 57.234/2011</p>
<!-- /wp:paragraph -->
<p><!-- wp:paragraph --><strong>Secretaria de Governo</strong></p>
<!-- /wp:paragraph -->
<p><!-- wp:paragraph -->Certificado de Regularidade Cadastral de Entidades – CRCE Nº 0381/2013</p>
<!-- /wp:paragraph -->
<p><!-- wp:paragraph --><strong>Secretaria Estadual de Desenvolvimento Social</strong></p>
<!-- /wp:paragraph -->
<p><!-- wp:paragraph -->Pró Social – SEDS/PS -7777/2012</p>
<!-- /wp:paragraph -->
<p><!-- wp:paragraph --><strong>Secretaria de Assistência e Desenvolvimento Social</strong></p>
<!-- /wp:paragraph -->
<p><!-- wp:paragraph -->Certificado de Matricula SMADS Nº 26.227</p>
<!-- /wp:paragraph -->
<p><!-- wp:paragraph --><strong>Conselho  Municipal de Assistência Social</strong></p>
<!-- /wp:paragraph -->
<p><!-- wp:paragraph -->COMAS inscrição Nº 57/2011</p>
<!-- /wp:paragraph -->
<p><!-- wp:paragraph --><strong>Secretaria Municipal de Direitos Humanos</strong></p>
<!-- /wp:paragraph -->
<p><!-- wp:paragraph -->Conselho Municipal dos Direitos da Criança e do Adolescente – CMDCA Nº 2133/17</p>
<!-- /wp:paragraph -->
<p><!-- wp:paragraph -->Secretaria Municipal de Educação</p>
<!-- /wp:paragraph -->
<p><!-- wp:paragraph -->Certificado de Credenciamento Municipal  instituído pela portaria nº21 de 19/02/2021</p>
<!-- /wp:paragraph -->
<p><!-- wp:paragraph --><strong>Ministério do Desenvolvimento Social</strong></p>
<!-- /wp:paragraph -->
<p><!-- wp:paragraph -->CEBAS Nº 71000.028352/2018-13</p>
<!-- /wp:paragraph -->
<p><!-- wp:paragraph --><strong>CERTIFICADOS DE PARTICIPAÇÃO EM PREMIAÇÕES</strong></p>
<!-- /wp:paragraph -->
<p><!-- wp:paragraph -->Câmara Municipal de São Paulo – Premio Milton Santos – Projeto SCFV  &#8211; ANO: 2013</p>
<!-- /wp:paragraph -->
<p><!-- wp:paragraph -->Câmara Municipal de São Paulo – Premio Milton Santos – Projeto SAICA Pilar  &#8211; ANO: 2015</p>
<!-- /wp:paragraph -->
<p><!-- wp:paragraph -->Câmara Municipal de São Paulo – Premio Betinho – Projeto SAICA Pilar  &#8211; ANO: 2015</p>
<p style="text-align: justify;"><!-- /wp:paragraph --> <br /><strong>Instituto Pilar – Recebimento do Selo de Igualdade Racial &#8211; 2025</strong></p>
<p>Neste ano, o Instituto Pilar decidiu participar do Selo de Igualdade Racial, em razão de contar com mais de 46% de colaboradores pretos e pardos, o que representa 253 profissionais em seu quadro funcional. Esse índice evidencia o compromisso institucional com a igualdade de oportunidades no ambiente de trabalho e com a promoção da equidade étnico-racial.</p>
<p>Para nossa alegria, no dia 9 de outubro de 2025, o Instituto recebeu oficialmente o Selo de Igualdade Racial, reconhecimento que muito nos honra e reforça a importância de contribuir de forma concreta para o avanço das políticas afirmativas no mundo do trabalho.</p>
<p>O recebimento do selo está diretamente relacionado ao cumprimento dos objetivos de incentivar a adoção de políticas afirmativas, ampliar a representatividade racial, promover a igualdade étnico-racial e reparar desigualdades históricas que afetam a população negra. Além disso, reafirma o compromisso institucional com a mitigação e eliminação de práticas discriminatórias, promovendo uma igualdade material e efetiva de oportunidades dentro e fora do ambiente organizacional.</p>
[/vc_column_text][/vc_column][/vc_row]

<p>[vc_row][vc_column][mk_fancy_title font_family=&#8221;none&#8221;] Matriculas , credenciamento e regularidade [/mk_fancy_title][vc_column_text css=&#8221;.vc_custom_1761075917469{margin-bottom: 0px !important;}&#8221;] Prefeitura da Cidade de São Paulo Utilidade Publica Municipal nos termos do Decreto nº 53.760/2013 Secretaria de Justiça e Defesa da Cidadania do Estado de São Paulo Entidade de Defesa de Direitos Humanos do Estado de São Paulo – CEDHESP – por Decreto Estadual [&hellip;]</p>
