{"id":541,"date":"2021-04-08T20:53:03","date_gmt":"2021-04-08T20:53:03","guid":{"rendered":"https:\/\/institutopilar.org.br\/site\/?page_id=541"},"modified":"2021-04-08T20:53:17","modified_gmt":"2021-04-08T20:53:17","slug":"nucleo-de-convivencia-de-idosos","status":"publish","type":"page","link":"https:\/\/institutopilar.org.br\/site\/?page_id=541","title":{"rendered":"N\u00daCLEO DE CONVIV\u00caNCIA DE IDOSOS"},"content":{"rendered":"[vc_row][vc_column][mk_fancy_title font_family=&#8221;none&#8221;]\n<h2><strong>SERVI\u00c7O DE CONVIV\u00caNCIA E FORTALECIMENTO DE V\u00cdNCULOS \/ SCFV<br \/>\n<\/strong><strong>N\u00daCLEO DE CONVIV\u00caNCIA DE IDOSOS \u2013 NCI<\/strong><\/h2>\n[\/mk_fancy_title][vc_column_text css=&#8221;.vc_custom_1617914969957{margin-bottom: 0px !important;}&#8221;]<strong>REFER\u00caNCIA LEGAL: PORTARIA 09\/SMADS\/2012<\/strong><\/p>\n<p><strong>Caracteriza\u00e7\u00e3o do servi\u00e7o<\/strong>:<\/p>\n<p style=\"text-align: justify;\">Servi\u00e7o de prote\u00e7\u00e3o social, conviv\u00eancia e fortalecimento de v\u00ednculos aos idosos com idade igual ou superior a 60 anos, em situa\u00e7\u00e3o de vulnerabilidade e risco pessoal e social. Oferece atividades socioeducativas planejadas, baseadas nas necessidades, interesses e motiva\u00e7\u00f5es dos idosos, conduzindo na constru\u00e7\u00e3o e reconstru\u00e7\u00e3o de suas hist\u00f3rias e viv\u00eancias individuais e coletivas, na fam\u00edlia e no territ\u00f3rio. Oferece ainda, por meio da busca ativa, a identifica\u00e7\u00e3o e o acompanhamento de idosos e suas fam\u00edlias no domic\u00edlio.<\/p>\n[\/vc_column_text][\/vc_column][\/vc_row][vc_section][vc_row][vc_column width=&#8221;1\/2&#8243;][mk_fancy_title font_family=&#8221;none&#8221;]\n<h2><strong>P\u00fablico Alvo<\/strong><\/h2>\n[\/mk_fancy_title][vc_column_text css=&#8221;.vc_custom_1617914999987{margin-bottom: 0px !important;}&#8221;]\n<p style=\"text-align: justify;\">Idosos de ambos os sexos, com idade igual ou superior a 60 anos, em situa\u00e7\u00e3o de vulnerabilidade social, com prioridade para:<\/p>\n<ul>\n<li style=\"text-align: justify;\">Os benefici\u00e1rios do Benef\u00edcio de Presta\u00e7\u00e3o Continuada;<\/li>\n<li style=\"text-align: justify;\">Os oriundos de fam\u00edlias benefici\u00e1rias de Programas de Transfer\u00eancia de Renda;<\/li>\n<li style=\"text-align: justify;\">Os que apresentam viv\u00eancias de isolamento por aus\u00eancia de acesso a servi\u00e7os e oportunidades de conv\u00edvio familiar e comunit\u00e1rio e cujas necessidades, interesses e disponibilidade indiquem a inclus\u00e3o no servi\u00e7o.<\/li>\n<\/ul>\n[\/vc_column_text][\/vc_column][vc_column width=&#8221;1\/2&#8243;][\/vc_column][\/vc_row][\/vc_section][vc_section][vc_row][vc_column][mk_fancy_title font_family=&#8221;none&#8221;]\n<h2><strong>Objetivos<\/strong><\/h2>\n[\/mk_fancy_title][vc_column_text css=&#8221;.vc_custom_1617915060586{margin-bottom: 0px !important;}&#8221;]\n<p style=\"text-align: justify;\">Contribuir para o processo de envelhecimento saud\u00e1vel, desenvolvimento da autonomia, de sociabilidades, de fortalecimento de v\u00ednculos sociais e familiares, prevenindo situa\u00e7\u00f5es de vulnerabilidades e risco social.<\/p>\n[\/vc_column_text][mk_fancy_title font_family=&#8221;none&#8221;]\n<h2><strong>Objetivos espec\u00edficos<\/strong><\/h2>\n[\/mk_fancy_title][vc_column_text css=&#8221;.vc_custom_1617915121611{margin-bottom: 0px !important;}&#8221;]\n<ul>\n<li style=\"text-align: justify;\">Acompanhar e monitorar idosos benefici\u00e1rios do Benef\u00edcio de Presta\u00e7\u00e3o Continuada \u2013 BPC;<\/li>\n<li style=\"text-align: justify;\">Estimular o protagonismo dos idosos, atrav\u00e9s do acesso \u00e0 informa\u00e7\u00e3o sobre direitos de cidadania;<\/li>\n<li style=\"text-align: justify;\">Fomentar a participa\u00e7\u00e3o do idoso no controle social do SUAS;<\/li>\n<li style=\"text-align: justify;\">Propiciar viv\u00eancias que valorizem as experi\u00eancias de vida e que estimulem e potencializem o desenvolvimento da autonomia dos idosos;<\/li>\n<li style=\"text-align: justify;\">Possibilitar o acesso a manifesta\u00e7\u00f5es art\u00edsticas, culturais, esportivas e de lazer, com vistas ao desenvolvimento e novas sociabilidades;<\/li>\n<li style=\"text-align: justify;\">Detectar necessidades e motiva\u00e7\u00f5es, despertando potencialidades e capacidades para novos projetos de vida;<\/li>\n<li style=\"text-align: justify;\">Promover encontros intergeracionais de modo a prevenir a segrega\u00e7\u00e3o dos idosos e combater o preconceito;<\/li>\n<li style=\"text-align: justify;\">Fortalecer a fun\u00e7\u00e3o protetiva da fam\u00edlia, prevenindo a ruptura dos v\u00ednculos familiares e comunit\u00e1rios dos idosos;<\/li>\n<li style=\"text-align: justify;\">Prevenir o confinamento e o abrigamento institucional;<\/li>\n<li style=\"text-align: justify;\">Acompanhar domiciliarmente idosos que requeiram aten\u00e7\u00e3o especial, por meio da elabora\u00e7\u00e3o do Plano de Desenvolvimento do Usu\u00e1rio \u2013 PDU;<\/li>\n<li style=\"text-align: justify;\">Possibilitar o acesso a Benef\u00edcios e Programas de Transfer\u00eancia de Renda e inser\u00e7\u00e3o na rede de Prote\u00e7\u00e3o Social.<\/li>\n<\/ul>\n[\/vc_column_text][\/vc_column][\/vc_row][\/vc_section][vc_section][vc_row][vc_column width=&#8221;1\/2&#8243;][vc_column_text css=&#8221;.vc_custom_1617915154683{margin-bottom: 0px !important;}&#8221;]<strong>Meta de Atendimento<\/strong>: 100 \u2013 sendo 60 presencial e 40 em domicilio<\/p>\n<p><strong>Distritos de abrang\u00eancia:<\/strong> Jd. \u00c2ngela<\/p>\n<p><strong>Email:<\/strong> <a href=\"mailto:ncipilar@institutopilar.org.br\">ncipilar@institutopilar.org.br<\/a><\/p>\n<p><strong>Fone:<\/strong> (11) 2761-5677[\/vc_column_text][\/vc_column][vc_column width=&#8221;1\/2&#8243;][\/vc_column][\/vc_row][\/vc_section]\n","protected":false},"excerpt":{"rendered":"<p>[vc_row][vc_column][mk_fancy_title font_family=&#8221;none&#8221;] SERVI\u00c7O DE CONVIV\u00caNCIA E FORTALECIMENTO DE V\u00cdNCULOS \/ SCFV N\u00daCLEO DE CONVIV\u00caNCIA DE IDOSOS \u2013 NCI [\/mk_fancy_title][vc_column_text css=&#8221;.vc_custom_1617914969957{margin-bottom: 0px !important;}&#8221;]REFER\u00caNCIA LEGAL: PORTARIA 09\/SMADS\/2012 Caracteriza\u00e7\u00e3o do servi\u00e7o: Servi\u00e7o de prote\u00e7\u00e3o social, conviv\u00eancia e fortalecimento de v\u00ednculos aos idosos com idade igual ou superior a 60 anos, em situa\u00e7\u00e3o de vulnerabilidade e risco pessoal e [&hellip;]<\/p>\n","protected":false},"author":1,"featured_media":0,"parent":0,"menu_order":0,"comment_status":"closed","ping_status":"closed","template":"","meta":{"footnotes":""},"class_list":["post-541","page","type-page","status-publish","hentry"],"_links":{"self":[{"href":"https:\/\/institutopilar.org.br\/site\/index.php?rest_route=\/wp\/v2\/pages\/541","targetHints":{"allow":["GET"]}}],"collection":[{"href":"https:\/\/institutopilar.org.br\/site\/index.php?rest_route=\/wp\/v2\/pages"}],"about":[{"href":"https:\/\/institutopilar.org.br\/site\/index.php?rest_route=\/wp\/v2\/types\/page"}],"author":[{"embeddable":true,"href":"https:\/\/institutopilar.org.br\/site\/index.php?rest_route=\/wp\/v2\/users\/1"}],"replies":[{"embeddable":true,"href":"https:\/\/institutopilar.org.br\/site\/index.php?rest_route=%2Fwp%2Fv2%2Fcomments&post=541"}],"version-history":[{"count":1,"href":"https:\/\/institutopilar.org.br\/site\/index.php?rest_route=\/wp\/v2\/pages\/541\/revisions"}],"predecessor-version":[{"id":542,"href":"https:\/\/institutopilar.org.br\/site\/index.php?rest_route=\/wp\/v2\/pages\/541\/revisions\/542"}],"wp:attachment":[{"href":"https:\/\/institutopilar.org.br\/site\/index.php?rest_route=%2Fwp%2Fv2%2Fmedia&parent=541"}],"curies":[{"name":"wp","href":"https:\/\/api.w.org\/{rel}","templated":true}]}}